nd 19.
19
Calculate the highest common factor of 82256 and 1843.
97
Calculate the highest common factor of 45 and 10827.
9
What is the highest common factor of 16858 and 114?
2
Calculate the highest common divisor of 238 and 5131.
7
What is the greatest common divisor of 4301 and 70081?
253
Calculate the greatest common factor of 6876 and 21392.
764
What is the highest common divisor of 79375 and 8125?
625
What is the greatest common divisor of 17565 and 5?
5
What is the highest common factor of 14400 and 750?
150
Calculate the highest common divisor of 406 and 1209271.
203
What is the highest common factor of 9202 and 52109?
107
What is the highest common divisor of 32 and 51280?
16
What is the highest common divisor of 144 and 5776?
16
Calculate the highest common divisor of 221184 and 5120.
1024
Calculate the highest common factor of 1328 and 5392.
16
What is the greatest common factor of 2751 and 128904?
393
Calculate the highest common divisor of 2486 and 69834.
226
What is the highest common divisor of 1659 and 34602?
237
Calculate the greatest common factor of 65739 and 12.
3
Calculate the highest common factor of 680274 and 98.
14
Calculate the greatest common factor of 11 and 65142.
11
What is the highest common factor of 1210652 and 4?
4
Calculate the highest common factor of 2211 and 1646592.
201
Calculate the greatest common divisor of 1437488 and 52.
52
Calculate the greatest common divisor of 526 and 723250.
526
What is the highest common divisor of 231 and 111672?
33
What is the highest common divisor of 1749 and 153813?
33
Calculate the highest common factor of 2872739 and 217.
31
Calculate the highest common divisor of 74 and 1002922.
74
What is the greatest common factor of 1078103 and 6604?
1651
Calculate the greatest common divisor of 88 and 4024.
8
Calculate the greatest common divisor of 2772 and 68292.
252
Calculate the greatest common factor of 2254329 and 616.
77
Calculate the greatest common divisor of 124134 and 102.
102
Calculate the greatest common factor of 928 and 6728.
232
Calculate the highest common factor of 333 and 70041.
111
What is the highest common divisor of 127 and 3469259?
127
What is the highest common divisor of 157830 and 20?
10
What is the highest common divisor of 16 and 15152?
16
Calculate the greatest common factor of 1 and 776453.
1
What is the highest common divisor of 7911 and 7325?
293
Calculate the highest common divisor of 3813 and 5781.
123
Calculate the greatest common divisor of 6248 and 892328.
568
What is the greatest common divisor of 945 and 833?
7
Calculate the greatest common divisor of 6865 and 5.
5
What is the highest common divisor of 58162 and 52?
26
What is the greatest common divisor of 94 and 67163?
47
Calculate the greatest common factor of 1232 and 6622.
154
What is the highest common factor of 690 and 373635?
345
What is the highest common divisor of 2825 and 195829?
113
What is the greatest common factor of 1227148 and 26?
26
Calculate the greatest common factor of 12660 and 221339.
211
Calculate the highest common factor of 109854 and 510.
102
What is the greatest common divisor of 66131 and 208?
13
Calculate the greatest common divisor of 128 and 188896.
32
Calculate the highest common divisor of 54864 and 18.
18
Calculate the highest common divisor of 125955 and 1620.
405
What is the greatest common factor of 55453 and 161?
23
Calculate the greatest common factor of 98 and 1366162.
14
What is the greatest common factor of 252990 and 9?
9
What is the greatest common divisor of 210 and 9975?
105
Calculate the greatest common divisor of 2147229 and 541.
541
What is the greatest common factor of 115221 and 2985?
597
Calculate the greatest common factor of 1114 and 278.
2
Calculate the highest common factor of 309 and 12.
3
Calculate the highest common factor of 520610 and 158.
158
What is the highest common factor of 70 and 48185?
5
What is the highest common divisor of 51863 and 7595?
217
Calculate the greatest common factor of 20923 and 4802.
343
Calculate the highest common factor of 5477130 and 2280.
570
What is the highest common divisor of 1368363 and 2634?
1317
What is the highest common factor of 736322 and 23?
23
What is the highest common factor of 1177168 and 1032?
344
What is the highest common divisor of 1749 and 8321?
53
Calculate the greatest common factor of 182 and 25298.
182
What is the greatest common factor of 25005 and 33?
3
What is the highest common divisor of 52 and 16020?
4
What is the highest common factor of 1254431 and 596?
149
What is the greatest common factor of 7067 and 764?
191
Calculate the highest common divisor of 54652 and 156.
52
Calculate the highest common factor of 2277 and 123993.
207
Calculate the greatest common factor of 38 and 120346.
38
What is the highest common factor of 243 and 4068?
9
What is the highest common divisor of 2235 and 210?
15
Calculate the greatest common factor of 26696 and 6816.
568
Calculate the greatest common divisor of 18460 and 260.
260
What is the highest common divisor of 57722 and 196?
98
Calculate the greatest common factor of 8403 and 3.
3
What is the highest common factor of 49 and 7817?
1
What is the highest common divisor of 323190 and 21?
21
Calculate the greatest common factor of 799104 and 16.
16
Calculate the highest common factor of 4 and 1146874.
2
What is the highest common divisor of 684 and 3072?
12
Calculate the highest common divisor of 2562 and 119682.
366
Calculate the highest common divisor of 4376 and 332029.
547
Calculate the highest common divisor of 1876 and 10402.
14
What is the greatest common divisor of 586245 and 171?
57
What is the highest common factor of 7215 and 122877?
111
Calculate the highest common factor of 1372195 and 2013.
671
What is the greatest common divisor of 255135 and 9125?
365
Calculate the highest common factor of 145368 and 216.
216
Calculate the greatest common factor of 1860 and 306435.
465
Calculate the highest common divisor of 5832 and 72.
72
Calculate the greatest common factor of 24700 and 87932.
988
What is the highest common divisor of 1236200 and 350?
350
Calculate the greatest common divisor of 715 and 637.
13
What is the highest common divisor of 24 and 122232?
24
Calculate the greatest common factor of 2414 and 185026.
142
Calculate the highest common factor of 9 and 496377.
9
What is the highest common factor of 7913 and 697?
41
What is the highest common factor of 69893 and 1443?
37
Calculate the highest common divisor of 494 and 10039562.
494
Calculate the greatest common divisor of 428 and 227054.
214
What is the greatest common factor of 686 and 512?
2
What is the greatest common divisor of 21 and 134834?
7
Calculate the greatest common divisor of 4352 and 612.
68
Calculate the greatest common divisor of 48 and 2700240.
48
What is the greatest common factor of 4288 and 268?
268
Calculate the greatest common factor of 133085 and 215.
215
Calculate the greatest common divisor of 88 and 491524.
44
Calculate the highest common divisor of 48 and 1842.
6
Calculate the greatest common divisor of 2490854 and 138.
46
Calculate the highest common divisor of 175 and 39515.
35
Calculate the highest common divisor of 5312 and 170624.
64
Calculate the greatest common divisor of 8203 and 325.
13
What is the greatest common factor of 264 and 5640?
24
What is the highest common divisor of 54 and 3727593?
27
Calculate the highest common factor of 6346 and 456.
38
What is the greatest common divisor of 39 and 99463?
13
What is the greatest common factor of 21 and 1127?
7
Calculate the greatest common divisor of 1446 and 6029820.
1446
What is the greatest common divisor of 30 and 2091855?
15
What is the highest common divisor of 86118 and 186?
186
Calculate the highest common divisor of 2575 and 80.
5
Calculate the highest common factor of 58230 and 15030.
90
Calculate the highest common divisor of 37 and 2846.
1
Calculate the highest common divisor of 6235 and 12180.
145
Calculate the greatest common factor of 24 and 182456.
8
Calculate the highest common divisor of 5499 and 8037.
423
Calculate the greatest common factor of 1424 and 56426.
178
Calculate the highest common divisor of 132275 and 377.
13
What is the highest common divisor of 1962 a